 is -14 + -412?
-430
In base 8, what is 5 + 74?
101
In base 3, what is 1102 + -210002?
-201200
In base 9, what is -1 + -2303?
-2304
In base 6, what is -15 + -10023?
-10042
In base 16, what is 0 - 7f?
-7f
In base 10, what is 1497 + 4?
1501
In base 6, what is 1 - -2?
3
In base 14, what is 3 + -12?
-d
In base 13, what is -3c8 - -22?
-3a6
In base 5, what is -324 + 210?
-114
In base 14, what is -14 + -4?
-18
In base 6, what is 22 - 2?
20
In base 13, what is 5 - a?
-5
In base 3, what is -2020 + 2?
-2011
In base 15, what is 46d - 4?
469
In base 14, what is -8 + -3?
-b
In base 11, what is 1 - -50?
51
In base 2, what is 11110 - -1100?
101010
In base 6, what is 25215 - 0?
25215
In base 4, what is 131 - 1021?
-230
In base 14, what is 538 - 5?
533
In base 7, what is -2 - -1645?
1643
In base 14, what is -829 - -8?
-821
In base 13, what is -1 - -26b?
26a
In base 7, what is -4 - 153?
-160
In base 6, what is 5 - 5200?
-5151
In base 6, what is -115 - -114?
-1
In base 16, what is -4 + -17f3?
-17f7
In base 14, what is -182 + 7?
-179
In base 3, what is -20212 + 2?
-20210
In base 11, what is -1 + -3a?
-40
In base 2, what is -11010000010 - 100?
-11010000110
In base 15, what is ee - -4?
103
In base 3, what is -101010002 - -11?
-101002221
In base 15, what is -53 + -1?
-54
In base 13, what is -4 - 18?
-1c
In base 5, what is -44144 + -3?
-44202
In base 9, what is -10 - 570?
-580
In base 15, what is -3 + 23b?
238
In base 12, what is 1 - 9b?
-9a
In base 16, what is 20 + -5?
1b
In base 15, what is -5382 + -1?
-5383
In base 10, what is -252 + -1?
-253
In base 10, what is 1 + -109?
-108
In base 5, what is 21 + -10?
11
In base 16, what is -5 + -1?
-6
In base 9, what is -440 - -2?
-437
In base 4, what is -11 - 111323?
-112000
In base 8, what is -6 - 11171?
-11177
In base 16, what is -1 + -11c?
-11d
In base 14, what is 4 + 130?
134
In base 10, what is 4 + 1447?
1451
In base 12, what is -1219 - 5?
-1222
In base 10, what is -249 + -14?
-263
In base 11, what is 2 + -620?
-619
In base 6, what is -34 - 5?
-43
In base 3, what is 12 + 202?
221
In base 12, what is -3 - 3?
-6
In base 9, what is -1600 + 3?
-1586
In base 3, what is 12 - 2000?
-1211
In base 12, what is -a1a - -1?
-a19
In base 9, what is -1 - 6?
-7
In base 11, what is -35 - 2?
-37
In base 7, what is 20 + -234?
-214
In base 13, what is 157 + -19?
13b
In base 7, what is 0 - 563?
-563
In base 8, what is -16 - 3?
-21
In base 14, what is -3b + 0?
-3b
In base 16, what is 19 + 7?
20
In base 3, what is 121 - 10021?
-2200
In base 16, what is a + -42?
-38
In base 9, what is -157 + -8?
-166
In base 15, what is 53 + -9?
49
In base 14, what is 3 - -8?
b
In base 14, what is -13 + -35?
-48
In base 2, what is -1000 + 1011111?
1010111
In base 3, what is -12 + 12221?
12202
In base 7, what is 443 - 2?
441
In base 11, what is 1 - -19?
1a
In base 15, what is 13 - 5?
d
In base 4, what is 313 - 113?
200
In base 12, what is 1 - -2238?
2239
In base 12, what is -13 - -5?
-a
In base 4, what is 1 - -1002?
1003
In base 7, what is 4046 + 1?
4050
In base 5, what is -2 + 1?
-1
In base 14, what is -1 - -19?
18
In base 4, what is -3 + -313131?
-313200
In base 8, what is -5 + 1244?
1237
In base 13, what is -a5 + 5?
-a0
In base 4, what is -220 + -210?
-1030
In base 4, what is -21 - 200?
-221
In base 6, what is -10 + -4244?
-4254
In base 3, what is -1111 - 1102?
-2220
In base 5, what is 21 - 303?
-232
In base 6, what is 43 + -105?
-22
In base 12, what is -51 - 4?
-55
In base 12, what is -1 - -52?
51
In base 6, what is 41 - -414?
455
In base 7, what is -10434 + 5?
-10426
In base 12, what is -1b - 12?
-31
In base 15, what is 665 - -4?
669
In base 7, what is 40 - 551?
-511
In base 13, what is 629 + 1?
62a
In base 11, what is 310 + 2?
312
In base 15, what is 5 - -181?
186
In base 3, what is -12 + -21202?
-21221
In base 6, what is 0 - -125?
125
In base 4, what is 0 - -10?
10
In base 13, what is 83 + -175?
-c2
In base 2, what is -10010010 - 1?
-10010011
In base 10, what is 0 - 487?
-487
In base 14, what is -73 + 9?
-68
In base 2, what is -11000 - -1?
-10111
In base 15, what is 22 - 1?
21
In base 4, what is 10 - -331?
1001
In base 6, what is 112 - 242?
-130
In base 10, what is -104 + -49?
-153
In base 10, what is 6484 - 5?
6479
In base 6, what is 31005 + -5?
31000
In base 14, what is 3 + -1a1?
-19c
In base 14, what is 75 + 22?
97
In base 12, what is 3 - -11?
14
In base 14, what is -35 - 5?
-3a
In base 4, what is 1 + -113?
-112
In base 8, what is 57 + 10?
67
In base 2, what is 101 - -10101010110?
10101011011
In base 15, what is 11 + -6?
a
In base 12, what is -2 - 51?
-53
In base 6, what is 4 - 2142?
-2134
In base 13, what is -1c - 15?
-34
In base 6, what is 1141 + 4?
1145
In base 3, what is 22222 + -21?
22201
In base 9, what is 2666 + -3?
2663
In base 8, what is -4 - -66?
62
In base 2, what is -10 - -11001011?
11001001
In base 6, what is -150 + -2?
-152
In base 7, what is 0 + 121?
121
In base 7, what is 24 + -1330?
-1303
In base 9, what is -537 + -16?
-554
In base 3, what is 20 + 211002?
211022
In base 5, what is 321 - 32?
234
In base 4, what is 20 - -3223?
3303
In base 11, what is 24 - -6?
2a
In base 11, what is 649 + -5?
644
In base 8, what is 354 - -3?
357
In base 4, what is -330 - -2322?
1332
In base 15, what is 124 + -1?
123
In base 11, what is 5671 + -5?
5667
In base 13, what is 3 + 667?
66a
In base 8, what is 0 + -312?
-312
In base 15, what is 338d - -5?
3393
In base 15, what is 82 - 36?
4b
In base 2, what is 1100101011111 + 101?
1100101100100
In base 2, what is 100 - 111100100?
-111100000
In base 7, what is -1 - 6?
-10
In base 3, what is 110100 - 111?
102212
In base 11, what is 3 + -19?
-16
In base 3, what is -10 - 211000?
-211010
In base 4, what is 1330 - 1120?
210
In base 10, what is 792 - -23?
815
In base 6, what is -34340 + 4?
-34332
In base 5, what is -301 + 30?
-221
In base 15, what is -1b7 - 2?
-1b9
In base 13, what is -44 - 2aa?
-321
In base 2, what is 1000100101101 - -101?
1000100110010
In base 8, what is 30 - 7?
21
In base 8, what is 40 + -1154?
-1114
In base 3, what is -12 - 11202?
-11221
In base 16, what is -4 - -27?
23
In base 12, what is 1b92 - -1?
1b93
In base 9, what is -56 - 20?
-76
In base 14, what is 6a - -25?
91
In base 6, what is 20445 - 0?
20445
In base 7, what is 5 + -13615?
-13610
In base 8, what is -4 + -52?
-56
In base 10, what is 5 + -509?
-504
In base 11, what is -20 - -2?
-19
In base 11, what is -9 + 10?
2
In base 16, what is -3 - -61a?
617
In base 14, what is 6 + -d?
-7
In base 4, what is 11033 - -2?
11101
In base 16, what is 15 + 3f?
54
In base 7, what is -2 + -232?
-234
In base 13, what is -1 - -22?
21
In base 2, what is -110001100 + 101000?
-101100100
In base 2, what is -10011 - -1000?
-1011
In base 2, what is 1010 + 1000111010?
1001000100
In base 7, what is 4 - -362?
366
In base 10, what is 219 + 4?
223
In base 14, what is -580 + -8?
-588
In base 11, what is 5 - -46?
50
In base 12, what is -7 + 55?
4a
In base 13, what is -6 - 7b?
-84
In base 14, what is -1c - 4?
-22
In base 12, what is 2083 + 4?
2087
In base 8, what is -111 - 4?
-115
In base 14, what is -19a + 1?
-199
In base 8, what is -5 + 15?
10
In base 7, what is 5 - 2302?
-2264
In base 2, what is 1111001001 - -11100?
1111100101
In base 15, what is 3 - 14?
-11
In base 6, what is 44 - 40?
4
In base 11, what is 3 + -64?
-61
In base 9, what is -18284 - -1?
-18283
In base 14, what is 1 + 763?
764
In base 7, what is 250 - -5?
255
In base 7, what is -433 + -44?
-510
In base 3, what is -22 - -1201?
1102
In base 8, what is 14 + -24?
-10
In base 16, what is -4 - -9?
5
In base 3, what is 11 - -101?
112
In base 5, what is 40 - -233?
323
In base 7, what is 565 - -5?
603
In base 7, what is 1464 + 0?
1464
In base 13, what is 4 - 269?
-265
In base 8, what is 1406 + -4?
1402
In base 8, what is 2 + -5543?
-5541
In base 2, what is -100101000 + 1?
-100100111
In base 14, what is -4 + 3d?
39
In base 4, what is 0 + 2002?
2002
In base 8, what is 500 + -1?
477
In base 12, what is 17 + -327?
-310
In base 13, what is 0 + -27?
-27
In base 15, what is -1e15 - -3?
-1e12
In base 13, what is -5869 - 5?
-5871
In base 9, what is 718 - 4?
714
In base 10, what is 2 + 81?
83
In base 10, what is 5 + 1?
6
In base 5, what is 121 + -1140?
-1014
In base 15, what is 8 + 20?
28
In base 5, what is -1 - -21434?